{"id":561,"date":"2017-05-23T22:48:05","date_gmt":"2017-05-23T20:48:05","guid":{"rendered":"http:\/\/www.las3liebres.eu\/?page_id=561"},"modified":"2024-03-25T08:27:24","modified_gmt":"2024-03-25T07:27:24","slug":"casa-esfena","status":"publish","type":"page","link":"https:\/\/www.las3liebres.eu\/?page_id=561","title":{"rendered":"CASA ESFENA"},"content":{"rendered":"<hr>\n<p style=\"text-align:center;\"><img loading=\"lazy\" decoding=\"async\" class=\"size-full wp-image-391 alignleft\" src=\"http:\/\/las3liebres.eu\/wp-content\/uploads\/2017\/05\/banderaespanola.gif\" alt=\"\" width=\"154\" height=\"110\" animated-media=\"animated-media\"><span style=\"color:#0000ff;\"><em><b>CASA ESFENA 41 m\u00b2 con Piscina, Bicicletas, Kayak, Aire Acondicionado \/ calefacci\u00f3n, Caja Fuerte y <\/b><\/em><b>Wifi.<\/b><em> <\/em><\/span><\/p>\n<p style=\"text-align:left;\">Casa 41 m\u00b2 para 2 max 3 personas con piscina, dos bicicletas, un kayak, aire acondicionado \/ calefacci\u00f3n, caja fuerte y WIFI en Zahora-Costa de la Luz-Andaluc\u00eda. 500 metros de las playa, zona tranquila. Un dormitorio con cama doble dos x 90&#215;190. Ba\u00f1o, ducha con ba\u00f1era (1 M), sala de estar \/ comedor, cocina, microondas, refrigerador con Congelador, tostadora, cafetera.SMART TV LED 40&#8243;, ANTENA, sat\u00e9lite, WIfi, radio CD MP3 USB, terraza cubierta. Jard\u00edn con tumbonas, ducha al aire libre, Barbacoa, lavadora Servicio de lavander\u00eda y recogida de basura. Aparcamiento cerca de la casa. Por la seguridad de todos en las zonas comunes hay videovigilancia homologada, se\u00f1alizada y registrada en la agencia espa\u00f1ola de proteccion de datos. Piscina de uso com\u00fanitario. Nuestras casas est\u00e1n separadas por \u00e1rboles, arbustos y jardines. Ideal para los ni\u00f1os como 100 m de carril privado. La playa es accesible a trav\u00e9s de una rampa.<\/p>\n<blockquote><\/blockquote>\n<hr>\n<p><img loading=\"lazy\" decoding=\"async\" class=\"size-full wp-image-395 alignleft\" src=\"http:\/\/las3liebres.eu\/wp-content\/uploads\/2017\/05\/banderainglesa.gif\" alt=\"\" width=\"152\" height=\"83\" animated-media=\"animated-media\"><br \/>\n<span style=\"color:#0000ff;\"><em><b>CASA ESFENA 41 m\u00b2 with Swimming Pool, Bicycles, Kayak, Air Condition \/ Heating, Safe and<\/b><\/em> <strong>Wifi.<\/strong><strong><em> <\/em><\/strong><\/span><\/p>\n<p style=\"text-align:left;\">House 41 m\u00b2 for 2 max 3 persons with swimming pool, two bicycles, one kayak, air condition \/ heating, safe and WIFI in Zahora-Costa de la Luz-Andalusia. 500 m from kilometer long, white sand beaches, in a quiet location . one bedroom w. double bed, two x 90&#215;190. Bathroom with shower (1m), living \/ dining room w. Open kitchen, microwave, refrigerator w. sep. Freezer, toaster and express coffee pot. SMART TV LED 40&#8243;,anten, SAT, WIFI, radio CD MP3 USB. Covered terrace. Garden with sunbeds, outside shower,outside grill and washing machine. Parking next to the house. For the safety of everyone in the common areas there is video surveillance approved, signaled and registered in the Spanish data protection agency. Swimming pool for communal use. Our houses are separated by trees, bushes and gardens. Ideal for children, 100 m. Private path. The beach is reached by a ramp.<\/p>\n<blockquote><\/blockquote>\n<hr>\n<p><img loading=\"lazy\" decoding=\"async\" class=\"size-full wp-image-392 alignleft\" src=\"http:\/\/las3liebres.eu\/wp-content\/uploads\/2017\/05\/banderaalemana.gif\" alt=\"\" width=\"153\" height=\"101\" animated-media=\"animated-media\"><br \/>\n<span style=\"color:#0000ff;\"><em><b>CASA ESFENA 41 m\u00b2 mit Swimming-Pool , Fahrraeder, Kayak, Klimaanlage \/ Heizung, Safe<\/b><\/em> <strong>und Wifi.<\/strong><\/span><\/p>\n<p style=\"text-align:left;\">Haus 41 m\u00b2 f\u00fcr 2 max 3 Personen mit Swimming-Pool, zwei Fahrraeder, ein kayak, Klimaanlage \/ Heizung und WIFI in Zahora-Costa de la Luz-Andalusien. 500 m von kilometerlangen, weissen Sandstr\u00e4nden entfernt, in ruhiger Ortsrandlage.1 Schlafzimmer mit Doppelbett zwei x 90&#215;190. Badezimmer m. Duschwanne (1m), Wohn\/essraum m. offener K\u00fcche, Mikrowelle, K\u00fchlschrank m. getr. Gefrierfach, Toaster u. Express-Kaffekanne. SMART TV LED 40&#8243;, ANTENNE, SAT, WIFI, Radio-CD MP3 USB , \u00fcberdachte Terrasse. Garten m. Liegen, Aussendusche, Aussengrill u. Waschmaschine. Parkplatz neben dem Haus. F\u00fcr die Sicherheit aller in den \u00f6ffentlichen Bereichen ist eine Video\u00fcberwachung in der spanischen Datenschutzbeh\u00f6rde zugelassen, signiert und registriert. Swimming Pool zur gemeinschaftlichen Nutzung. Unsere H\u00e4user sind durch B\u00e4ume, B\u00fcsche u. G\u00e4rten voneinander getrennt. Ideal f\u00fcr Kinder, da 100 m. Privatweg. Der Strand ist \u00fcber eine Rampe erreichbar, so dass auch z.B. ein Kinderwagen oder Bollerwagen mitgenommen werden kann.<\/p>\n<blockquote><\/blockquote>\n<hr>\n<p style=\"text-align:left;\"><img loading=\"lazy\" decoding=\"async\" class=\"aligncenter size-full wp-image-1008\" src=\"http:\/\/las3liebres.eu\/wp-content\/uploads\/2018\/09\/IMG-20180502-WA0012.jpeg\" alt=\"\" width=\"4160\" height=\"2352\" srcset=\"https:\/\/las3liebres.eu\/wp-content\/uploads\/2018\/09\/IMG-20180502-WA0012.jpeg 4160w, https:\/\/las3liebres.eu\/wp-content\/uploads\/2018\/09\/IMG-20180502-WA0012-300x170.jpeg 300w, https:\/\/las3liebres.eu\/wp-content\/uploads\/2018\/09\/IMG-20180502-WA0012-768x434.jpeg 768w, https:\/\/las3liebres.eu\/wp-content\/uploads\/2018\/09\/IMG-20180502-WA0012-1024x579.jpeg 1024w\" sizes=\"auto, (max-width: 4160px) 100vw, 4160px\" \/><\/p>\n<p><img loading=\"lazy\" decoding=\"async\" class=\"aligncenter size-full wp-image-1078\" src=\"http:\/\/las3liebres.eu\/wp-content\/uploads\/2018\/09\/ESFENA-10.jpg\" alt=\"\" width=\"3120\" height=\"4160\" srcset=\"https:\/\/las3liebres.eu\/wp-content\/uploads\/2018\/09\/ESFENA-10.jpg 3120w, https:\/\/las3liebres.eu\/wp-content\/uploads\/2018\/09\/ESFENA-10-225x300.jpg 225w, https:\/\/las3liebres.eu\/wp-content\/uploads\/2018\/09\/ESFENA-10-768x1024.jpg 768w\" sizes=\"auto, (max-width: 3120px) 100vw, 3120px\" \/><\/p>\n<p><img loading=\"lazy\" decoding=\"async\" class=\"aligncenter size-full wp-image-1080\" src=\"http:\/\/las3liebres.eu\/wp-content\/uploads\/2018\/09\/ESFENA-12.jpg\" alt=\"\" width=\"4160\" height=\"3120\" srcset=\"https:\/\/las3liebres.eu\/wp-content\/uploads\/2018\/09\/ESFENA-12.jpg 4160w, https:\/\/las3liebres.eu\/wp-content\/uploads\/2018\/09\/ESFENA-12-300x225.jpg 300w, https:\/\/las3liebres.eu\/wp-content\/uploads\/2018\/09\/ESFENA-12-768x576.jpg 768w, https:\/\/las3liebres.eu\/wp-content\/uploads\/2018\/09\/ESFENA-12-1024x768.jpg 1024w\" sizes=\"auto, (max-width: 4160px) 100vw, 4160px\" \/><\/p>\n<p><img loading=\"lazy\" decoding=\"async\" class=\"aligncenter size-full wp-image-1079\" src=\"http:\/\/las3liebres.eu\/wp-content\/uploads\/2018\/09\/ESFENA-11.jpg\" alt=\"\" width=\"3120\" height=\"4160\" srcset=\"https:\/\/las3liebres.eu\/wp-content\/uploads\/2018\/09\/ESFENA-11.jpg 3120w, https:\/\/las3liebres.eu\/wp-content\/uploads\/2018\/09\/ESFENA-11-225x300.jpg 225w, https:\/\/las3liebres.eu\/wp-content\/uploads\/2018\/09\/ESFENA-11-768x1024.jpg 768w\" sizes=\"auto, (max-width: 3120px) 100vw, 3120px\" \/><\/p>\n<p><img loading=\"lazy\" decoding=\"async\" class=\"aligncenter size-full wp-image-1081\" src=\"http:\/\/las3liebres.eu\/wp-content\/uploads\/2018\/09\/ESFENA-13.jpg\" alt=\"\" width=\"3120\" height=\"4160\" srcset=\"https:\/\/las3liebres.eu\/wp-content\/uploads\/2018\/09\/ESFENA-13.jpg 3120w, https:\/\/las3liebres.eu\/wp-content\/uploads\/2018\/09\/ESFENA-13-225x300.jpg 225w, https:\/\/las3liebres.eu\/wp-content\/uploads\/2018\/09\/ESFENA-13-768x1024.jpg 768w\" sizes=\"auto, (max-width: 3120px) 100vw, 3120px\" \/><\/p>\n<p><img loading=\"lazy\" decoding=\"async\" class=\"aligncenter size-full wp-image-1082\" src=\"http:\/\/las3liebres.eu\/wp-content\/uploads\/2018\/09\/ESFENA-16.jpg\" alt=\"\" width=\"3120\" height=\"4160\" data-temp-aztec-id=\"8a53bbac-dcf1-4066-ab29-f8f1b2b6226b\" srcset=\"https:\/\/las3liebres.eu\/wp-content\/uploads\/2018\/09\/ESFENA-16.jpg 3120w, https:\/\/las3liebres.eu\/wp-content\/uploads\/2018\/09\/ESFENA-16-225x300.jpg 225w, https:\/\/las3liebres.eu\/wp-content\/uploads\/2018\/09\/ESFENA-16-768x1024.jpg 768w\" sizes=\"auto, (max-width: 3120px) 100vw, 3120px\" \/><\/p>\n<p><img loading=\"lazy\" decoding=\"async\" class=\"wp-image-1345 alignnone size-full\" src=\"http:\/\/las3liebres.eu\/wp-content\/uploads\/2024\/03\/img_20240306_142550_2195748782460037137610.jpg\" width=\"1500\" height=\"2000\" data-temp-aztec-id=\"f3c2e13c-f69f-46a5-a243-634ce6ee9f51\" srcset=\"https:\/\/las3liebres.eu\/wp-content\/uploads\/2024\/03\/img_20240306_142550_2195748782460037137610.jpg 1500w, https:\/\/las3liebres.eu\/wp-content\/uploads\/2024\/03\/img_20240306_142550_2195748782460037137610-225x300.jpg 225w, https:\/\/las3liebres.eu\/wp-content\/uploads\/2024\/03\/img_20240306_142550_2195748782460037137610-768x1024.jpg 768w, https:\/\/las3liebres.eu\/wp-content\/uploads\/2024\/03\/img_20240306_142550_2195748782460037137610-1152x1536.jpg 1152w\" sizes=\"auto, (max-width: 1500px) 100vw, 1500px\" \/><\/p>\n<p><img loading=\"lazy\" decoding=\"async\" class=\"alignnone size-full wp-image-1347\" src=\"http:\/\/las3liebres.eu\/wp-content\/uploads\/2024\/03\/img_20240306_142505_2101786849291919078881.jpg\" width=\"1500\" height=\"2000\" srcset=\"https:\/\/las3liebres.eu\/wp-content\/uploads\/2024\/03\/img_20240306_142505_2101786849291919078881.jpg 1500w, https:\/\/las3liebres.eu\/wp-content\/uploads\/2024\/03\/img_20240306_142505_2101786849291919078881-225x300.jpg 225w, https:\/\/las3liebres.eu\/wp-content\/uploads\/2024\/03\/img_20240306_142505_2101786849291919078881-768x1024.jpg 768w, https:\/\/las3liebres.eu\/wp-content\/uploads\/2024\/03\/img_20240306_142505_2101786849291919078881-1152x1536.jpg 1152w\" sizes=\"auto, (max-width: 1500px) 100vw, 1500px\" \/><\/p>\n<p><img loading=\"lazy\" decoding=\"async\" class=\"wp-image-1348 alignnone size-full\" src=\"http:\/\/las3liebres.eu\/wp-content\/uploads\/2024\/03\/img_20240306_142256_4028916031925729066159.jpg\" width=\"1500\" height=\"2000\" srcset=\"https:\/\/las3liebres.eu\/wp-content\/uploads\/2024\/03\/img_20240306_142256_4028916031925729066159.jpg 1500w, https:\/\/las3liebres.eu\/wp-content\/uploads\/2024\/03\/img_20240306_142256_4028916031925729066159-225x300.jpg 225w, https:\/\/las3liebres.eu\/wp-content\/uploads\/2024\/03\/img_20240306_142256_4028916031925729066159-768x1024.jpg 768w, https:\/\/las3liebres.eu\/wp-content\/uploads\/2024\/03\/img_20240306_142256_4028916031925729066159-1152x1536.jpg 1152w\" sizes=\"auto, (max-width: 1500px) 100vw, 1500px\" \/><\/p>\n<p><img loading=\"lazy\" decoding=\"async\" class=\"alignnone size-full wp-image-1346\" src=\"http:\/\/las3liebres.eu\/wp-content\/uploads\/2024\/03\/img_20240306_142347_2322052546673534324346.jpg\" width=\"1500\" height=\"2000\" srcset=\"https:\/\/las3liebres.eu\/wp-content\/uploads\/2024\/03\/img_20240306_142347_2322052546673534324346.jpg 1500w, https:\/\/las3liebres.eu\/wp-content\/uploads\/2024\/03\/img_20240306_142347_2322052546673534324346-225x300.jpg 225w, https:\/\/las3liebres.eu\/wp-content\/uploads\/2024\/03\/img_20240306_142347_2322052546673534324346-768x1024.jpg 768w, https:\/\/las3liebres.eu\/wp-content\/uploads\/2024\/03\/img_20240306_142347_2322052546673534324346-1152x1536.jpg 1152w\" sizes=\"auto, (max-width: 1500px) 100vw, 1500px\" \/><\/p>\n<p><img loading=\"lazy\" decoding=\"async\" class=\"aligncenter size-full wp-image-1089\" src=\"http:\/\/las3liebres.eu\/wp-content\/uploads\/2018\/09\/ESFENA-7.jpg\" alt=\"\" width=\"3120\" height=\"4160\" srcset=\"https:\/\/las3liebres.eu\/wp-content\/uploads\/2018\/09\/ESFENA-7.jpg 3120w, https:\/\/las3liebres.eu\/wp-content\/uploads\/2018\/09\/ESFENA-7-225x300.jpg 225w, https:\/\/las3liebres.eu\/wp-content\/uploads\/2018\/09\/ESFENA-7-768x1024.jpg 768w\" sizes=\"auto, (max-width: 3120px) 100vw, 3120px\" \/><\/p>\n<p><img loading=\"lazy\" decoding=\"async\" class=\"aligncenter size-full wp-image-1090\" src=\"http:\/\/las3liebres.eu\/wp-content\/uploads\/2018\/09\/ESFENA-9.jpg\" alt=\"\" width=\"3120\" height=\"4160\" srcset=\"https:\/\/las3liebres.eu\/wp-content\/uploads\/2018\/09\/ESFENA-9.jpg 3120w, https:\/\/las3liebres.eu\/wp-content\/uploads\/2018\/09\/ESFENA-9-225x300.jpg 225w, https:\/\/las3liebres.eu\/wp-content\/uploads\/2018\/09\/ESFENA-9-768x1024.jpg 768w\" sizes=\"auto, (max-width: 3120px) 100vw, 3120px\" \/><\/p>\n<p style=\"text-align:left;\"><img loading=\"lazy\" decoding=\"async\" class=\"aligncenter wp-image-576 size-full\" src=\"http:\/\/las3liebres.eu\/wp-content\/uploads\/2017\/05\/ESFENA.jpg\" alt=\"\" width=\"2436\" height=\"1856\" srcset=\"https:\/\/las3liebres.eu\/wp-content\/uploads\/2017\/05\/ESFENA.jpg 2436w, https:\/\/las3liebres.eu\/wp-content\/uploads\/2017\/05\/ESFENA-300x229.jpg 300w, https:\/\/las3liebres.eu\/wp-content\/uploads\/2017\/05\/ESFENA-768x585.jpg 768w, https:\/\/las3liebres.eu\/wp-content\/uploads\/2017\/05\/ESFENA-1024x780.jpg 1024w\" sizes=\"auto, (max-width: 2436px) 100vw, 2436px\" \/><\/p>\n<hr>\n<p><strong>SI CONTIN\u00daA NAVEGANDO Y QUIERE DEJAR UN COMENTARIO SE CONSIDERAR\u00c1 QUE ACEPTA LA TOTALIDAD DE CONDICIONES DEL<\/strong> \u00abAVISO LEGAL Y POLITICA DE PRIVACIDAD\u00bb.<\/p>\n<hr>\n","protected":false},"excerpt":{"rendered":"<p>CASA ESFENA 41 m\u00b2 con Piscina, Bicicletas, Kayak, Aire Acondicionado \/ calefacci\u00f3n, Caja Fuerte y Wifi. Casa 41 m\u00b2 para 2 max 3 personas con piscina, dos bicicletas, un kayak, aire acondicionado \/ calefacci\u00f3n, caja fuerte y WIFI en Zahora-Costa de la Luz-Andaluc\u00eda. 500 metros de las playa, zona tranquila. Un dormitorio con cama doble&#8230;<\/p>\n","protected":false},"author":1,"featured_media":0,"parent":0,"menu_order":0,"comment_status":"open","ping_status":"closed","template":"","meta":{"footnotes":""},"class_list":["post-561","page","type-page","status-publish","hentry"],"_links":{"self":[{"href":"https:\/\/www.las3liebres.eu\/index.php?rest_route=\/wp\/v2\/pages\/561","targetHints":{"allow":["GET"]}}],"collection":[{"href":"https:\/\/www.las3liebres.eu\/index.php?rest_route=\/wp\/v2\/pages"}],"about":[{"href":"https:\/\/www.las3liebres.eu\/index.php?rest_route=\/wp\/v2\/types\/page"}],"author":[{"embeddable":true,"href":"https:\/\/www.las3liebres.eu\/index.php?rest_route=\/wp\/v2\/users\/1"}],"replies":[{"embeddable":true,"href":"https:\/\/www.las3liebres.eu\/index.php?rest_route=%2Fwp%2Fv2%2Fcomments&post=561"}],"version-history":[{"count":30,"href":"https:\/\/www.las3liebres.eu\/index.php?rest_route=\/wp\/v2\/pages\/561\/revisions"}],"predecessor-version":[{"id":1356,"href":"https:\/\/www.las3liebres.eu\/index.php?rest_route=\/wp\/v2\/pages\/561\/revisions\/1356"}],"wp:attachment":[{"href":"https:\/\/www.las3liebres.eu\/index.php?rest_route=%2Fwp%2Fv2%2Fmedia&parent=561"}],"curies":[{"name":"wp","href":"https:\/\/api.w.org\/{rel}","templated":true}]}}