{"id":442,"date":"2017-05-21T17:58:01","date_gmt":"2017-05-21T15:58:01","guid":{"rendered":"http:\/\/www.las3liebres.eu\/?page_id=442"},"modified":"2024-03-27T15:14:56","modified_gmt":"2024-03-27T14:14:56","slug":"casa-celestina","status":"publish","type":"page","link":"https:\/\/www.las3liebres.eu\/?page_id=442","title":{"rendered":"CASA CELESTINA"},"content":{"rendered":"<hr>\n<p style=\"text-align:center;\"><img loading=\"lazy\" decoding=\"async\" class=\"size-full wp-image-391 alignleft\" src=\"http:\/\/las3liebres.eu\/wp-content\/uploads\/2017\/05\/banderaespanola.gif\" alt=\"\" width=\"154\" height=\"110\" animated-media=\"animated-media\"><span style=\"color:#0000ff;\"><em><b>CASA CELESTINA 63 m\u00b2 con Piscina, Bicicletas, Kayak, Aire Acondicionado \/ Calefacci\u00f3n, Caja Fuerte<\/b><\/em> <strong>y<\/strong> <strong>Wifi<\/strong>.<\/span><\/p>\n<p style=\"text-align:left;\">Casa 63 m\u00b2 para 4 max 5 personas con piscina, dos bicicletas, un kayak, aire acondicionado\/ calefacci\u00f3n, caja fuerte y WIFI en Zahora-Costa de la Luz-Andalucia. 500 m. desde el mar. dos dormitorios,uno con cama doble dos x 90-190 y en el otro dormitorio hay dos camas separadas 90&#215;190, ba\u00f1o con ba\u00f1era de (1 m), salon comedor, cocina , microondas, refrigerador con congelador separado, tostadora, cafetera. SMART TV LED 40&#8243; antena, sat\u00e9lite, wifi, radio-CD MP3 USB,internet WIFI. lavadora servicio de lavander\u00eda y recogida de basura, piscina de uso comunitario ,terraza y jard\u00edn con tumbonas, ducha al aire libre, barbacoa . Aparcamiento alado de la casa. Por la seguridad de todos en las zonas comunes hay videovigilancia homologada, se\u00f1alizada y registrada en la agencia espa\u00f1ola de proteccion de datos. Las casas est\u00e1n separadas por \u00e1rboles, arbustos y jardines.. Tambi\u00e9n es ideal para los ni\u00f1os.carril privado de 100 m. La playa es accesible a trav\u00e9s de una rampa, Los Restaurantes y supermercados estan a unos 500 metros de distancia.<\/p>\n<blockquote><\/blockquote>\n<hr>\n<p style=\"text-align:center;\"><img loading=\"lazy\" decoding=\"async\" class=\"size-full wp-image-395 alignleft\" src=\"http:\/\/las3liebres.eu\/wp-content\/uploads\/2017\/05\/banderainglesa.gif\" alt=\"\" width=\"152\" height=\"83\" animated-media=\"animated-media\"><span style=\"color:#0000ff;\"><em><b>CASA CELESTINA 63 m\u00b2 with Swimming Pool, Bicycles, Kayak, Air Condition \/ Heating, Safe a<\/b><\/em><b>nd Wifi<\/b>.<\/span><\/p>\n<p style=\"text-align:left;\">House 63 m\u00b2 for 4 max 5 persons with swimming pool, two bicycles, one kayak, air condition \/ heating, safe and WIFI in Zahora -Costa de la Luz-Andalusia -500 m. away from the beach. Two bedrooms, one room with double bed two x 90-190 and one room with two separate beds 90&#215;190, bathroom with shower.(1 m), Living \/ dining room w. Open kitchen, microwave, refrigerator w. Separate freezer, toaster and dishwasher .Express coffee, SMART TV LED 40&#8243;, ANTEN, SAT, WIFI, Radio-CD MP3 USB- .heating. Swimming pool for communal use, Covered terrace , garden w. sun loungers, outside shower,Outside gril, washing machine services and others. Parking next to the house. For the safety of everyone in the common areas there is video surveillance approved, signaled and registered in the Spanish data protection agency. The houses are separated by trees, bushes and gardens. Ideal also for children, 100 m. Private path &amp; car transfer only from guests. The beach is reached by a ramp.Restaurants and supermarkets is about 500m away.<\/p>\n<blockquote><\/blockquote>\n<hr>\n<p style=\"text-align:left;\"><img loading=\"lazy\" decoding=\"async\" class=\"size-full wp-image-392 alignleft\" src=\"http:\/\/las3liebres.eu\/wp-content\/uploads\/2017\/05\/banderaalemana.gif\" alt=\"\" width=\"153\" height=\"101\" animated-media=\"animated-media\"><\/p>\n<p style=\"text-align:center;\"><span style=\"color:#0000ff;\"><em><b>CASA CELESTINA 63 m\u00b2 mit Swimming-Pool , Fahrraeder, Kayak, Klimaanlage \/ Heizung, Safe und <\/b><\/em><b>Wifi.<\/b><\/span><\/p>\n<p style=\"text-align:left;\">Ferienhaus 63 m\u00b2 f\u00fcr 4 max 5 Personen mit Swimming-Pool, zwei Fahrraeder, ein kayak, klimaanlage \/ Heizung, safe und WIFI in Zahora -Costa de la Luz-Andalusien .500 m. vom Meer entfernt. zwei Schlafzimmer, ein Zimmer m. Doppelbett zwei x 90-190, ein Zimmer m. zwei getrennten Betten 90&#215;190, Badezimmer m. Duschwanne (1 m ), Wohn\/Essraum m. offener K\u00fcche, Mikrowelle, K\u00fchlschrank m. getrenntem Gefrierfach, Toaster und<br \/>\nExpress-Kaffeekanne.SMART TV LED 40&#8243;, ANTENNE, SAT, WIFI Radio-CD MP3 USB- Internet-WIFI.Swimming Pool zur gemeinschaftlichen Nutzung \u00dcberdachte Terrasse m M\u00f6beln, Garten m. Liegen, Aussendusche, Aussengrill u. Waschmaschine Service unter anderem. Parkplatz neben dem Haus. F\u00fcr die Sicherheit aller in den \u00f6ffentlichen Bereichen ist eine Video\u00fcberwachung in der spanischen Datenschutzbeh\u00f6rde zugelassen, signiert und registriert. Die H\u00e4user sind durch B\u00e4ume, B\u00fcsche u. G\u00e4rten voneinander getrennt. Ideal auch f\u00fcr Kinder, da 100 m. Privatweg u. Der Strand ist \u00fcber eine Rampe erreichbar, so dass auch z.B. ein Kinderwagen oder Bollerwagen mitgenommen werden kann.Restaurants und Superm\u00e4rkten ist ca. 500m entfernt.<\/p>\n<blockquote><\/blockquote>\n<hr>\n<blockquote>\n<p style=\"text-align:left;\"><img loading=\"lazy\" decoding=\"async\" class=\"aligncenter size-full wp-image-1008\" src=\"http:\/\/las3liebres.eu\/wp-content\/uploads\/2018\/09\/IMG-20180502-WA0012.jpeg\" alt=\"\" width=\"4160\" height=\"2352\" data-temp-aztec-id=\"213394dc-3ce2-437a-b838-244f06b0af1c\" srcset=\"https:\/\/las3liebres.eu\/wp-content\/uploads\/2018\/09\/IMG-20180502-WA0012.jpeg 4160w, https:\/\/las3liebres.eu\/wp-content\/uploads\/2018\/09\/IMG-20180502-WA0012-300x170.jpeg 300w, https:\/\/las3liebres.eu\/wp-content\/uploads\/2018\/09\/IMG-20180502-WA0012-768x434.jpeg 768w, https:\/\/las3liebres.eu\/wp-content\/uploads\/2018\/09\/IMG-20180502-WA0012-1024x579.jpeg 1024w\" sizes=\"auto, (max-width: 4160px) 100vw, 4160px\" \/><\/p>\n<p><img loading=\"lazy\" decoding=\"async\" class=\"aligncenter size-full wp-image-1054\" style=\"margin-top: 0.857143rem; margin-bottom: 0.857143rem;\" src=\"http:\/\/las3liebres.eu\/wp-content\/uploads\/2018\/09\/CELESTINA-10.jpg\" alt=\"\" width=\"4160\" height=\"3120\" srcset=\"https:\/\/las3liebres.eu\/wp-content\/uploads\/2018\/09\/CELESTINA-10.jpg 4160w, https:\/\/las3liebres.eu\/wp-content\/uploads\/2018\/09\/CELESTINA-10-300x225.jpg 300w, https:\/\/las3liebres.eu\/wp-content\/uploads\/2018\/09\/CELESTINA-10-768x576.jpg 768w, https:\/\/las3liebres.eu\/wp-content\/uploads\/2018\/09\/CELESTINA-10-1024x768.jpg 1024w\" sizes=\"auto, (max-width: 4160px) 100vw, 4160px\" \/><\/p>\n<p><img loading=\"lazy\" decoding=\"async\" class=\"aligncenter size-full wp-image-1051\" src=\"http:\/\/las3liebres.eu\/wp-content\/uploads\/2018\/09\/CELESTINA-1.jpg\" alt=\"\" width=\"4160\" height=\"3120\" srcset=\"https:\/\/las3liebres.eu\/wp-content\/uploads\/2018\/09\/CELESTINA-1.jpg 4160w, https:\/\/las3liebres.eu\/wp-content\/uploads\/2018\/09\/CELESTINA-1-300x225.jpg 300w, https:\/\/las3liebres.eu\/wp-content\/uploads\/2018\/09\/CELESTINA-1-768x576.jpg 768w, https:\/\/las3liebres.eu\/wp-content\/uploads\/2018\/09\/CELESTINA-1-1024x768.jpg 1024w\" sizes=\"auto, (max-width: 4160px) 100vw, 4160px\" \/><\/p>\n<p><img loading=\"lazy\" decoding=\"async\" class=\"aligncenter size-full wp-image-1053\" src=\"http:\/\/las3liebres.eu\/wp-content\/uploads\/2018\/09\/CELESTINA-9.jpg\" alt=\"\" width=\"4160\" height=\"3120\" srcset=\"https:\/\/las3liebres.eu\/wp-content\/uploads\/2018\/09\/CELESTINA-9.jpg 4160w, https:\/\/las3liebres.eu\/wp-content\/uploads\/2018\/09\/CELESTINA-9-300x225.jpg 300w, https:\/\/las3liebres.eu\/wp-content\/uploads\/2018\/09\/CELESTINA-9-768x576.jpg 768w, https:\/\/las3liebres.eu\/wp-content\/uploads\/2018\/09\/CELESTINA-9-1024x768.jpg 1024w\" sizes=\"auto, (max-width: 4160px) 100vw, 4160px\" \/><\/p>\n<p><img loading=\"lazy\" decoding=\"async\" class=\"aligncenter size-full wp-image-1052\" src=\"http:\/\/las3liebres.eu\/wp-content\/uploads\/2018\/09\/CELESTINA-2.jpg\" alt=\"\" width=\"4160\" height=\"3120\" srcset=\"https:\/\/las3liebres.eu\/wp-content\/uploads\/2018\/09\/CELESTINA-2.jpg 4160w, https:\/\/las3liebres.eu\/wp-content\/uploads\/2018\/09\/CELESTINA-2-300x225.jpg 300w, https:\/\/las3liebres.eu\/wp-content\/uploads\/2018\/09\/CELESTINA-2-768x576.jpg 768w, https:\/\/las3liebres.eu\/wp-content\/uploads\/2018\/09\/CELESTINA-2-1024x768.jpg 1024w\" sizes=\"auto, (max-width: 4160px) 100vw, 4160px\" \/><\/p>\n<p><img loading=\"lazy\" decoding=\"async\" class=\"aligncenter size-full wp-image-1059\" style=\"margin-top: 0.857143rem; margin-bottom: 0.857143rem;\" src=\"http:\/\/las3liebres.eu\/wp-content\/uploads\/2018\/09\/CELESTINA-7.jpg\" alt=\"\" width=\"3120\" height=\"4160\" data-temp-aztec-id=\"10898425-7e27-462d-8d1d-0c5e4e6101af\" srcset=\"https:\/\/las3liebres.eu\/wp-content\/uploads\/2018\/09\/CELESTINA-7.jpg 3120w, https:\/\/las3liebres.eu\/wp-content\/uploads\/2018\/09\/CELESTINA-7-225x300.jpg 225w, https:\/\/las3liebres.eu\/wp-content\/uploads\/2018\/09\/CELESTINA-7-768x1024.jpg 768w\" sizes=\"auto, (max-width: 3120px) 100vw, 3120px\" \/><\/p>\n<p><img loading=\"lazy\" decoding=\"async\" class=\"alignnone size-full wp-image-1358\" src=\"http:\/\/las3liebres.eu\/wp-content\/uploads\/2024\/03\/img_20240326_165142_5142001860974872187396.jpg\" width=\"1500\" height=\"2000\" data-temp-aztec-id=\"9ae6d449-b6bc-469a-81b3-eaf2387bd2f9\" srcset=\"https:\/\/las3liebres.eu\/wp-content\/uploads\/2024\/03\/img_20240326_165142_5142001860974872187396.jpg 1500w, https:\/\/las3liebres.eu\/wp-content\/uploads\/2024\/03\/img_20240326_165142_5142001860974872187396-225x300.jpg 225w, https:\/\/las3liebres.eu\/wp-content\/uploads\/2024\/03\/img_20240326_165142_5142001860974872187396-768x1024.jpg 768w, https:\/\/las3liebres.eu\/wp-content\/uploads\/2024\/03\/img_20240326_165142_5142001860974872187396-1152x1536.jpg 1152w\" sizes=\"auto, (max-width: 1500px) 100vw, 1500px\" \/><\/p>\n<p><img loading=\"lazy\" decoding=\"async\" class=\"wp-image-1359 alignnone size-full\" src=\"http:\/\/las3liebres.eu\/wp-content\/uploads\/2024\/03\/img_20240326_165104_8826247296428825644165.jpg\" width=\"1500\" height=\"2000\" data-temp-aztec-id=\"a62926e4-0d8d-412d-9b8e-3ed3abded296\" srcset=\"https:\/\/las3liebres.eu\/wp-content\/uploads\/2024\/03\/img_20240326_165104_8826247296428825644165.jpg 1500w, https:\/\/las3liebres.eu\/wp-content\/uploads\/2024\/03\/img_20240326_165104_8826247296428825644165-225x300.jpg 225w, https:\/\/las3liebres.eu\/wp-content\/uploads\/2024\/03\/img_20240326_165104_8826247296428825644165-768x1024.jpg 768w, https:\/\/las3liebres.eu\/wp-content\/uploads\/2024\/03\/img_20240326_165104_8826247296428825644165-1152x1536.jpg 1152w\" sizes=\"auto, (max-width: 1500px) 100vw, 1500px\" \/><\/p>\n<p><img loading=\"lazy\" decoding=\"async\" class=\"alignnone size-full wp-image-1357\" src=\"http:\/\/las3liebres.eu\/wp-content\/uploads\/2024\/03\/img_20240326_165021_7398801578302796940278.jpg\" width=\"2000\" height=\"1500\" srcset=\"https:\/\/las3liebres.eu\/wp-content\/uploads\/2024\/03\/img_20240326_165021_7398801578302796940278.jpg 2000w, https:\/\/las3liebres.eu\/wp-content\/uploads\/2024\/03\/img_20240326_165021_7398801578302796940278-300x225.jpg 300w, https:\/\/las3liebres.eu\/wp-content\/uploads\/2024\/03\/img_20240326_165021_7398801578302796940278-1024x768.jpg 1024w, https:\/\/las3liebres.eu\/wp-content\/uploads\/2024\/03\/img_20240326_165021_7398801578302796940278-768x576.jpg 768w, https:\/\/las3liebres.eu\/wp-content\/uploads\/2024\/03\/img_20240326_165021_7398801578302796940278-1536x1152.jpg 1536w\" sizes=\"auto, (max-width: 2000px) 100vw, 2000px\" \/><\/p>\n<p><img loading=\"lazy\" decoding=\"async\" class=\"aligncenter size-full wp-image-1055\" style=\"margin-top: 0.857143rem; margin-bottom: 0.857143rem;\" src=\"http:\/\/las3liebres.eu\/wp-content\/uploads\/2018\/09\/CELESTINA-3.jpg\" alt=\"\" width=\"3120\" height=\"4160\" srcset=\"https:\/\/las3liebres.eu\/wp-content\/uploads\/2018\/09\/CELESTINA-3.jpg 3120w, https:\/\/las3liebres.eu\/wp-content\/uploads\/2018\/09\/CELESTINA-3-225x300.jpg 225w, https:\/\/las3liebres.eu\/wp-content\/uploads\/2018\/09\/CELESTINA-3-768x1024.jpg 768w\" sizes=\"auto, (max-width: 3120px) 100vw, 3120px\" \/><\/p>\n<p><img loading=\"lazy\" decoding=\"async\" class=\"aligncenter wp-image-453 size-full\" src=\"http:\/\/las3liebres.eu\/wp-content\/uploads\/2017\/05\/CELESTINA.jpg\" alt=\"\" width=\"2456\" height=\"1864\" srcset=\"https:\/\/las3liebres.eu\/wp-content\/uploads\/2017\/05\/CELESTINA.jpg 2456w, https:\/\/las3liebres.eu\/wp-content\/uploads\/2017\/05\/CELESTINA-300x228.jpg 300w, https:\/\/las3liebres.eu\/wp-content\/uploads\/2017\/05\/CELESTINA-768x583.jpg 768w, https:\/\/las3liebres.eu\/wp-content\/uploads\/2017\/05\/CELESTINA-1024x777.jpg 1024w\" sizes=\"auto, (max-width: 2456px) 100vw, 2456px\" \/><\/p>\n<hr>\n<p><strong>SI CONTIN\u00daA NAVEGANDO Y QUIERE DEJAR UN COMENTARIO SE CONSIDERAR\u00c1 QUE ACEPTA LA TOTALIDAD DE CONDICIONES DEL<\/strong> \u00abAVISO LEGAL Y POLITICA DE PRIVACIDAD\u00bb.<\/p>\n<hr>\n<\/blockquote>\n","protected":false},"excerpt":{"rendered":"<p>CASA CELESTINA 63 m\u00b2 con Piscina, Bicicletas, Kayak, Aire Acondicionado \/ Calefacci\u00f3n, Caja Fuerte y Wifi. Casa 63 m\u00b2 para 4 max 5 personas con piscina, dos bicicletas, un kayak, aire acondicionado\/ calefacci\u00f3n, caja fuerte y WIFI en Zahora-Costa de la Luz-Andalucia. 500 m. desde el mar. dos dormitorios,uno con cama doble dos x 90-190&#8230;<\/p>\n","protected":false},"author":1,"featured_media":0,"parent":0,"menu_order":0,"comment_status":"open","ping_status":"closed","template":"","meta":{"footnotes":""},"class_list":["post-442","page","type-page","status-publish","hentry"],"_links":{"self":[{"href":"https:\/\/www.las3liebres.eu\/index.php?rest_route=\/wp\/v2\/pages\/442","targetHints":{"allow":["GET"]}}],"collection":[{"href":"https:\/\/www.las3liebres.eu\/index.php?rest_route=\/wp\/v2\/pages"}],"about":[{"href":"https:\/\/www.las3liebres.eu\/index.php?rest_route=\/wp\/v2\/types\/page"}],"author":[{"embeddable":true,"href":"https:\/\/www.las3liebres.eu\/index.php?rest_route=\/wp\/v2\/users\/1"}],"replies":[{"embeddable":true,"href":"https:\/\/www.las3liebres.eu\/index.php?rest_route=%2Fwp%2Fv2%2Fcomments&post=442"}],"version-history":[{"count":35,"href":"https:\/\/www.las3liebres.eu\/index.php?rest_route=\/wp\/v2\/pages\/442\/revisions"}],"predecessor-version":[{"id":1360,"href":"https:\/\/www.las3liebres.eu\/index.php?rest_route=\/wp\/v2\/pages\/442\/revisions\/1360"}],"wp:attachment":[{"href":"https:\/\/www.las3liebres.eu\/index.php?rest_route=%2Fwp%2Fv2%2Fmedia&parent=442"}],"curies":[{"name":"wp","href":"https:\/\/api.w.org\/{rel}","templated":true}]}}