{"id":416,"date":"2017-05-21T14:35:32","date_gmt":"2017-05-21T12:35:32","guid":{"rendered":"http:\/\/www.las3liebres.eu\/?page_id=416"},"modified":"2022-10-10T16:45:05","modified_gmt":"2022-10-10T14:45:05","slug":"casa-berilo","status":"publish","type":"page","link":"https:\/\/www.las3liebres.eu\/?page_id=416","title":{"rendered":"CASA BERILO"},"content":{"rendered":"<hr>\n<p><img loading=\"lazy\" decoding=\"async\" class=\"size-full wp-image-391 alignleft\" src=\"http:\/\/las3liebres.eu\/wp-content\/uploads\/2017\/05\/banderaespanola.gif\" alt=\"\" width=\"154\" height=\"110\" animated-media=\"animated-media\"><\/p>\n<div class=\"preview\" style=\"text-align:center;\"><span style=\"color:#0000ff;\"><em><strong>CASA BERILO 52 m\u00b2 con Piscina, Bicicletas, kayak, Aire Acondicionado \/ Calefacci\u00f3n, Ca<\/strong><\/em><strong>ja Fuerte y<\/strong> <strong>Wifi<\/strong>.<em> <\/em><\/span><\/div>\n<div class=\"preview\"><\/div>\n<div class=\"preview\" style=\"text-align:left;\">Casa 52 m\u00b2 para 4 max 5 personas con piscina, dos bicicletas, un kayak, aire acondicionado \/ calefacci\u00f3n, caja fuerte, WIFI en Zahora-Costa de la Luz-Andalucia.<br \/>\nUn dormitorio con un gran colch\u00f3n 150&#215;190 y otro dormitorio con dos colchones separados, cada uno 80&#215;190, ba\u00f1o con ba\u00f1era (1m),<br \/>\nSalon comedor, cocina conTostadora, frigor\u00edfico con congelador, microondas, cafetera. SMART TV LED 40&#8243;, antena, sat\u00e9lite, wifi, radio-CD-MP3 USB. Piscina de uso comunitario<br \/>\nterraza cubierta, jard\u00edn con tumbonas, barbacoa, ducha exterior. Lavadora.servicio de lavander\u00eda y recogida de basura.Por la seguridad de todos en las zonas comunes hay videovigilancia homologada, se\u00f1alizada y registrada en la agencia espa\u00f1ola de proteccion de datos.<\/p>\n<p>Las casas est\u00e1n separadas por \u00e1rboles, arbustos y jardines. A 500 m de la playa<br \/>\nAparcamiento cerca de la casa. Tambi\u00e9n es ideal para los ni\u00f1os,100 m Camino privado. Supermercados, restaurantes a unos 500 m. La playa es accesible a trav\u00e9s de una rampa.<\/p>\n<blockquote><\/blockquote>\n<hr>\n<p style=\"text-align:center;\"><img loading=\"lazy\" decoding=\"async\" class=\"size-full wp-image-395 alignleft\" src=\"http:\/\/las3liebres.eu\/wp-content\/uploads\/2017\/05\/banderainglesa.gif\" alt=\"\" width=\"152\" height=\"83\" animated-media=\"animated-media\"><span style=\"color:#0000ff;\"><em><b>CASA BERILO 52 m\u00b2 with Swimming Pool, Bicycles, kayak, Air Condition \/ Heating, Safe and Wifi<\/b><\/em>.<\/span><\/p>\n<p>House 52 m\u00b2 for 4 max 5 persons with swimming pool, two bicycles, one kayak, air condition \/ heating, safe and WIFI in Zahora-Costa de la Luz-Andalusia.One bedroom with a large mattress 150&#215;190 and one bedroom with two separate mattresses each 80&#215;190, bathroom with shower cubicle (1m) Living \/ dining room w. Open kitchen, fridge with separate freezer, microwave, espresso coffee pot and toaster, SMART TV LED 40&#8243;, ANTEN, SAT, WIFI, radio CD MP3 USB. Swimming pool for communal use .Covered terrace w. Furniture, garden w. sun loungers, grill, outdoor shower, washing machine services and others. For the safety of everyone in the common areas there is video surveillance approved, signaled and registered in the Spanish data protection agency. The houses are separated by trees, bushes and gardens. Finca. 500 m from the beach. Parking next to the house. Ideal also for children,100 m private way Supermarkets, restaurants about 500 m.The beach is reached by a ramp.<\/p>\n<blockquote><\/blockquote>\n<hr>\n<p style=\"text-align:center;\"><img loading=\"lazy\" decoding=\"async\" class=\"size-full wp-image-392 alignleft\" src=\"http:\/\/las3liebres.eu\/wp-content\/uploads\/2017\/05\/banderaalemana.gif\" alt=\"\" width=\"153\" height=\"101\" animated-media=\"animated-media\"><span style=\"color:#0000ff;\"><em><b>CASA BERILO 52 m\u00b2 mit Swimming-Pool , Fahrraeder, Kayak, Klimaanlage \/ Heizung, Safe <\/b><\/em><b>und<\/b> <strong>Wifi<\/strong>.<\/span><\/p>\n<p>Haus 52 m\u00b2 f\u00fcr 4 max 5 Personen mit Swimming-Pool, zwei fahrraeder, ein kayak, klimaanlage \/ Heizung, safe und WIFI in Zahora- Costa de la Luz-Andalusien.1 Schlafzimmer mit einer grossen Matratze 150&#215;190 und 1 Schlafzimmer mit 2 getrennten Matratzen je 80&#215;190, Badezimmer m. Duschwanne (1m), Wohn\/essraum m. offener K\u00fcche, K\u00fchlschrank m. getrenntem Gefrierfach, Mikrowelle, Espress-Kaffekanne u. Toaster. SMART TV LED 40&#8243;,ANTENNE, SAT, WIFI Radio-CD MP3 USB. Swimming Pool zur gemeinschaftlichen Nutzung, \u00fcberdachte Terrasse m. M\u00f6beln, Garten m. Liegen. Aussengrill, Aussendusche . Waschmaschine service unter anderem. F\u00fcr die Sicherheit aller in den \u00f6ffentlichen Bereichen ist eine Video\u00fcberwachung in der spanischen Datenschutzbeh\u00f6rde zugelassen, signiert und registriert. Die H\u00e4user sind getrennt durch B\u00e4ume, B\u00fcsche u. G\u00e4rten.Finca.500 m vom kilometerlangen, wei\u00dfen Sandstrand entfernt. Parkplatz neben dem Haus. Ideal auch f\u00fcr Kinder, da 100 m Privatweg. Superm\u00e4rkte, Restaurants ca. 500 m.Der Strand ist \u00fcber eine Rampe erreichbar, so dass auch z.B. ein Kinderwagen oder Bollerwagen mitgenommen werden kann.<\/p>\n<blockquote><\/blockquote>\n<hr>\n<p><img loading=\"lazy\" decoding=\"async\" class=\"aligncenter size-full wp-image-1008\" src=\"http:\/\/las3liebres.eu\/wp-content\/uploads\/2018\/09\/IMG-20180502-WA0012.jpeg\" alt=\"\" width=\"4160\" height=\"2352\" srcset=\"https:\/\/las3liebres.eu\/wp-content\/uploads\/2018\/09\/IMG-20180502-WA0012.jpeg 4160w, https:\/\/las3liebres.eu\/wp-content\/uploads\/2018\/09\/IMG-20180502-WA0012-300x170.jpeg 300w, https:\/\/las3liebres.eu\/wp-content\/uploads\/2018\/09\/IMG-20180502-WA0012-768x434.jpeg 768w, https:\/\/las3liebres.eu\/wp-content\/uploads\/2018\/09\/IMG-20180502-WA0012-1024x579.jpeg 1024w\" sizes=\"auto, (max-width: 4160px) 100vw, 4160px\" \/><\/p>\n<p><img loading=\"lazy\" decoding=\"async\" class=\"aligncenter size-full wp-image-1038\" src=\"http:\/\/las3liebres.eu\/wp-content\/uploads\/2018\/09\/BERILO-7.jpg\" alt=\"\" width=\"4160\" height=\"3120\" srcset=\"https:\/\/las3liebres.eu\/wp-content\/uploads\/2018\/09\/BERILO-7.jpg 4160w, https:\/\/las3liebres.eu\/wp-content\/uploads\/2018\/09\/BERILO-7-300x225.jpg 300w, https:\/\/las3liebres.eu\/wp-content\/uploads\/2018\/09\/BERILO-7-768x576.jpg 768w, https:\/\/las3liebres.eu\/wp-content\/uploads\/2018\/09\/BERILO-7-1024x768.jpg 1024w\" sizes=\"auto, (max-width: 4160px) 100vw, 4160px\" \/><\/p>\n<p><img loading=\"lazy\" decoding=\"async\" class=\"aligncenter size-full wp-image-1039\" src=\"http:\/\/las3liebres.eu\/wp-content\/uploads\/2018\/09\/BERILO-10.jpg\" alt=\"\" width=\"4160\" height=\"3120\" srcset=\"https:\/\/las3liebres.eu\/wp-content\/uploads\/2018\/09\/BERILO-10.jpg 4160w, https:\/\/las3liebres.eu\/wp-content\/uploads\/2018\/09\/BERILO-10-300x225.jpg 300w, https:\/\/las3liebres.eu\/wp-content\/uploads\/2018\/09\/BERILO-10-768x576.jpg 768w, https:\/\/las3liebres.eu\/wp-content\/uploads\/2018\/09\/BERILO-10-1024x768.jpg 1024w\" sizes=\"auto, (max-width: 4160px) 100vw, 4160px\" \/><\/p>\n<p><img loading=\"lazy\" decoding=\"async\" class=\"aligncenter size-full wp-image-1040\" src=\"http:\/\/las3liebres.eu\/wp-content\/uploads\/2018\/09\/BERILO-4.jpg\" alt=\"\" width=\"4160\" height=\"3120\" srcset=\"https:\/\/las3liebres.eu\/wp-content\/uploads\/2018\/09\/BERILO-4.jpg 4160w, https:\/\/las3liebres.eu\/wp-content\/uploads\/2018\/09\/BERILO-4-300x225.jpg 300w, https:\/\/las3liebres.eu\/wp-content\/uploads\/2018\/09\/BERILO-4-768x576.jpg 768w, https:\/\/las3liebres.eu\/wp-content\/uploads\/2018\/09\/BERILO-4-1024x768.jpg 1024w\" sizes=\"auto, (max-width: 4160px) 100vw, 4160px\" \/><\/p>\n<p><img loading=\"lazy\" decoding=\"async\" class=\"aligncenter size-full wp-image-1047\" style=\"margin-top: 0.857143rem; margin-bottom: 0.857143rem;\" src=\"http:\/\/las3liebres.eu\/wp-content\/uploads\/2018\/09\/BERILO-1.jpg\" alt=\"\" width=\"3120\" height=\"4160\" srcset=\"https:\/\/las3liebres.eu\/wp-content\/uploads\/2018\/09\/BERILO-1.jpg 3120w, https:\/\/las3liebres.eu\/wp-content\/uploads\/2018\/09\/BERILO-1-225x300.jpg 225w, https:\/\/las3liebres.eu\/wp-content\/uploads\/2018\/09\/BERILO-1-768x1024.jpg 768w\" sizes=\"auto, (max-width: 3120px) 100vw, 3120px\" \/><\/p>\n<p><img loading=\"lazy\" decoding=\"async\" class=\"aligncenter size-full wp-image-1048\" style=\"margin-top: 0.857143rem; margin-bottom: 0.857143rem;\" src=\"http:\/\/las3liebres.eu\/wp-content\/uploads\/2018\/09\/BERILO-2.jpg\" alt=\"\" width=\"3120\" height=\"4160\" srcset=\"https:\/\/las3liebres.eu\/wp-content\/uploads\/2018\/09\/BERILO-2.jpg 3120w, https:\/\/las3liebres.eu\/wp-content\/uploads\/2018\/09\/BERILO-2-225x300.jpg 225w, https:\/\/las3liebres.eu\/wp-content\/uploads\/2018\/09\/BERILO-2-768x1024.jpg 768w\" sizes=\"auto, (max-width: 3120px) 100vw, 3120px\" \/><\/p>\n<p><img loading=\"lazy\" decoding=\"async\" class=\"aligncenter size-full wp-image-1049\" style=\"margin-top: 0.857143rem; margin-bottom: 0.857143rem;\" src=\"http:\/\/las3liebres.eu\/wp-content\/uploads\/2018\/09\/BERILO-3.jpg\" alt=\"\" width=\"4160\" height=\"3120\" srcset=\"https:\/\/las3liebres.eu\/wp-content\/uploads\/2018\/09\/BERILO-3.jpg 4160w, https:\/\/las3liebres.eu\/wp-content\/uploads\/2018\/09\/BERILO-3-300x225.jpg 300w, https:\/\/las3liebres.eu\/wp-content\/uploads\/2018\/09\/BERILO-3-768x576.jpg 768w, https:\/\/las3liebres.eu\/wp-content\/uploads\/2018\/09\/BERILO-3-1024x768.jpg 1024w\" sizes=\"auto, (max-width: 4160px) 100vw, 4160px\" \/><\/p>\n<p><img loading=\"lazy\" decoding=\"async\" class=\"aligncenter size-full wp-image-1045\" style=\"margin-top: 0.857143rem; margin-bottom: 0.857143rem;\" src=\"http:\/\/las3liebres.eu\/wp-content\/uploads\/2018\/09\/BERILO-9.jpg\" alt=\"\" width=\"4160\" height=\"3120\" srcset=\"https:\/\/las3liebres.eu\/wp-content\/uploads\/2018\/09\/BERILO-9.jpg 4160w, https:\/\/las3liebres.eu\/wp-content\/uploads\/2018\/09\/BERILO-9-300x225.jpg 300w, https:\/\/las3liebres.eu\/wp-content\/uploads\/2018\/09\/BERILO-9-768x576.jpg 768w, https:\/\/las3liebres.eu\/wp-content\/uploads\/2018\/09\/BERILO-9-1024x768.jpg 1024w\" sizes=\"auto, (max-width: 4160px) 100vw, 4160px\" \/><\/p>\n<p><img loading=\"lazy\" decoding=\"async\" class=\"aligncenter size-full wp-image-1046\" style=\"margin-top: 0.857143rem; margin-bottom: 0.857143rem;\" src=\"http:\/\/las3liebres.eu\/wp-content\/uploads\/2018\/09\/BERILO-13.jpg\" alt=\"\" width=\"4160\" height=\"3120\" srcset=\"https:\/\/las3liebres.eu\/wp-content\/uploads\/2018\/09\/BERILO-13.jpg 4160w, https:\/\/las3liebres.eu\/wp-content\/uploads\/2018\/09\/BERILO-13-300x225.jpg 300w, https:\/\/las3liebres.eu\/wp-content\/uploads\/2018\/09\/BERILO-13-768x576.jpg 768w, https:\/\/las3liebres.eu\/wp-content\/uploads\/2018\/09\/BERILO-13-1024x768.jpg 1024w\" sizes=\"auto, (max-width: 4160px) 100vw, 4160px\" \/><\/p>\n<p><img loading=\"lazy\" decoding=\"async\" class=\"aligncenter size-full wp-image-1042\" src=\"http:\/\/las3liebres.eu\/wp-content\/uploads\/2018\/09\/BERILO-11.jpg\" alt=\"\" width=\"3120\" height=\"4160\" srcset=\"https:\/\/las3liebres.eu\/wp-content\/uploads\/2018\/09\/BERILO-11.jpg 3120w, https:\/\/las3liebres.eu\/wp-content\/uploads\/2018\/09\/BERILO-11-225x300.jpg 225w, https:\/\/las3liebres.eu\/wp-content\/uploads\/2018\/09\/BERILO-11-768x1024.jpg 768w\" sizes=\"auto, (max-width: 3120px) 100vw, 3120px\" \/><\/p>\n<p><img loading=\"lazy\" decoding=\"async\" class=\"aligncenter size-full wp-image-1044\" src=\"http:\/\/las3liebres.eu\/wp-content\/uploads\/2018\/09\/BERILO-8.jpg\" alt=\"\" width=\"3120\" height=\"4160\" srcset=\"https:\/\/las3liebres.eu\/wp-content\/uploads\/2018\/09\/BERILO-8.jpg 3120w, https:\/\/las3liebres.eu\/wp-content\/uploads\/2018\/09\/BERILO-8-225x300.jpg 225w, https:\/\/las3liebres.eu\/wp-content\/uploads\/2018\/09\/BERILO-8-768x1024.jpg 768w\" sizes=\"auto, (max-width: 3120px) 100vw, 3120px\" \/><\/p>\n<p><img loading=\"lazy\" decoding=\"async\" class=\"aligncenter size-full wp-image-1043\" src=\"http:\/\/las3liebres.eu\/wp-content\/uploads\/2018\/09\/BERILO-12.jpg\" alt=\"\" width=\"3120\" height=\"4160\" srcset=\"https:\/\/las3liebres.eu\/wp-content\/uploads\/2018\/09\/BERILO-12.jpg 3120w, https:\/\/las3liebres.eu\/wp-content\/uploads\/2018\/09\/BERILO-12-225x300.jpg 225w, https:\/\/las3liebres.eu\/wp-content\/uploads\/2018\/09\/BERILO-12-768x1024.jpg 768w\" sizes=\"auto, (max-width: 3120px) 100vw, 3120px\" \/><\/p>\n<p><img loading=\"lazy\" decoding=\"async\" class=\"aligncenter wp-image-426 size-full\" style=\"margin-top: 0.857143rem; margin-bottom: 0.857143rem;\" src=\"http:\/\/las3liebres.eu\/wp-content\/uploads\/2017\/05\/BERILO-12.jpg\" alt=\"\" width=\"2532\" height=\"1896\" srcset=\"https:\/\/las3liebres.eu\/wp-content\/uploads\/2017\/05\/BERILO-12.jpg 2532w, https:\/\/las3liebres.eu\/wp-content\/uploads\/2017\/05\/BERILO-12-300x225.jpg 300w, https:\/\/las3liebres.eu\/wp-content\/uploads\/2017\/05\/BERILO-12-768x575.jpg 768w, https:\/\/las3liebres.eu\/wp-content\/uploads\/2017\/05\/BERILO-12-1024x767.jpg 1024w\" sizes=\"auto, (max-width: 2532px) 100vw, 2532px\" \/><\/p>\n<hr>\n<p><strong>SI CONTIN\u00daA NAVEGANDO Y QUIERE DEJAR UN COMENTARIO SE CONSIDERAR\u00c1 QUE ACEPTA LA TOTALIDAD DE CONDICIONES DEL<\/strong> \u00abAVISO LEGAL Y POLITICA DE PRIVACIDAD\u00bb.<\/p>\n<hr>\n<\/div>\n","protected":false},"excerpt":{"rendered":"<p>CASA BERILO 52 m\u00b2 con Piscina, Bicicletas, kayak, Aire Acondicionado \/ Calefacci\u00f3n, Caja Fuerte y Wifi. Casa 52 m\u00b2 para 4 max 5 personas con piscina, dos bicicletas, un kayak, aire acondicionado \/ calefacci\u00f3n, caja fuerte, WIFI en Zahora-Costa de la Luz-Andalucia. Un dormitorio con un gran colch\u00f3n 150&#215;190 y otro dormitorio con dos colchones&#8230;<\/p>\n","protected":false},"author":1,"featured_media":0,"parent":0,"menu_order":0,"comment_status":"open","ping_status":"closed","template":"","meta":{"footnotes":""},"class_list":["post-416","page","type-page","status-publish","hentry"],"_links":{"self":[{"href":"https:\/\/www.las3liebres.eu\/index.php?rest_route=\/wp\/v2\/pages\/416","targetHints":{"allow":["GET"]}}],"collection":[{"href":"https:\/\/www.las3liebres.eu\/index.php?rest_route=\/wp\/v2\/pages"}],"about":[{"href":"https:\/\/www.las3liebres.eu\/index.php?rest_route=\/wp\/v2\/types\/page"}],"author":[{"embeddable":true,"href":"https:\/\/www.las3liebres.eu\/index.php?rest_route=\/wp\/v2\/users\/1"}],"replies":[{"embeddable":true,"href":"https:\/\/www.las3liebres.eu\/index.php?rest_route=%2Fwp%2Fv2%2Fcomments&post=416"}],"version-history":[{"count":39,"href":"https:\/\/www.las3liebres.eu\/index.php?rest_route=\/wp\/v2\/pages\/416\/revisions"}],"predecessor-version":[{"id":1301,"href":"https:\/\/www.las3liebres.eu\/index.php?rest_route=\/wp\/v2\/pages\/416\/revisions\/1301"}],"wp:attachment":[{"href":"https:\/\/www.las3liebres.eu\/index.php?rest_route=%2Fwp%2Fv2%2Fmedia&parent=416"}],"curies":[{"name":"wp","href":"https:\/\/api.w.org\/{rel}","templated":true}]}}